the highest common factor of 3045 and 46110.
435
What is the greatest common factor of 572 and 49060?
44
What is the highest common factor of 3399130 and 70?
70
Calculate the greatest common factor of 7622 and 33226.
74
What is the greatest common factor of 517412 and 84?
28
What is the greatest common divisor of 12212 and 1846?
142
What is the greatest common divisor of 23835 and 11865?
105
Calculate the highest common divisor of 123563 and 47.
47
What is the highest common divisor of 29344 and 131?
131
Calculate the greatest common divisor of 500 and 760300.
100
Calculate the highest common factor of 1577604 and 1764.
588
What is the highest common factor of 5943 and 21?
21
What is the greatest common factor of 6970 and 25215?
205
What is the greatest common factor of 333 and 2410254?
333
What is the greatest common factor of 2666098 and 271?
271
What is the greatest common factor of 21 and 13449?
3
Calculate the highest common divisor of 497082 and 24.
6
Calculate the greatest common divisor of 1442 and 154.
14
Calculate the greatest common divisor of 12427 and 187.
17
What is the greatest common divisor of 1235 and 1032460?
1235
Calculate the greatest common divisor of 1188 and 22374.
198
What is the highest common divisor of 4992888 and 24?
24
What is the greatest common divisor of 185421 and 95?
19
What is the greatest common divisor of 51200 and 850?
50
Calculate the highest common factor of 7254 and 6240.
78
Calculate the highest common divisor of 1381575 and 150.
75
Calculate the greatest common divisor of 31537 and 55.
11
What is the greatest common factor of 153760 and 10?
10
What is the highest common divisor of 104809 and 489?
163
Calculate the highest common factor of 64648 and 1032.
8
What is the highest common divisor of 3087 and 651?
21
Calculate the greatest common divisor of 837480 and 1050.
210
Calculate the highest common divisor of 26092 and 8.
4
Calculate the highest common divisor of 2660 and 22876.
532
Calculate the highest common factor of 25928 and 56.
56
What is the highest common factor of 8 and 57176?
8
Calculate the greatest common factor of 321982 and 1990.
398
Calculate the greatest common divisor of 74 and 32.
2
Calculate the highest common factor of 2659572 and 4.
4
Calculate the greatest common divisor of 132 and 135267.
33
Calculate the greatest common divisor of 23727 and 352.
11
Calculate the highest common factor of 1855 and 28140.
35
What is the greatest common factor of 210 and 3458?
14
What is the greatest common factor of 35 and 1668037?
7
Calculate the highest common divisor of 2480 and 85680.
80
Calculate the highest common factor of 1677 and 708253.
559
Calculate the greatest common divisor of 395008 and 896.
128
Calculate the highest common factor of 92832 and 168.
24
What is the highest common divisor of 179475 and 15?
15
What is the highest common divisor of 12756 and 12?
12
What is the highest common factor of 356 and 1136797?
89
Calculate the highest common factor of 6540 and 5568.
12
Calculate the highest common factor of 33631 and 7267.
169
Calculate the greatest common factor of 6940 and 10880.
20
What is the highest common factor of 169032 and 1560?
24
What is the greatest common divisor of 66405 and 6555?
285
Calculate the greatest common factor of 133 and 4446.
19
What is the greatest common divisor of 6118 and 770?
14
Calculate the greatest common factor of 16 and 29056.
16
Calculate the greatest common factor of 120 and 45075.
15
Calculate the highest common factor of 231225 and 45.
15
What is the highest common factor of 13073 and 459?
17
Calculate the highest common factor of 15636 and 60.
12
What is the greatest common divisor of 207 and 1143123?
69
Calculate the highest common divisor of 13938 and 690.
138
Calculate the greatest common divisor of 115 and 8809.
23
What is the greatest common factor of 1978 and 122728?
46
Calculate the greatest common factor of 130320 and 15.
15
What is the highest common factor of 81 and 43335?
81
What is the greatest common factor of 87 and 2430809?
29
What is the greatest common factor of 49 and 2866745?
49
What is the highest common factor of 48 and 2636?
4
Calculate the highest common divisor of 1677 and 156.
39
Calculate the highest common factor of 126660 and 12.
12
What is the highest common divisor of 64 and 5648?
16
What is the greatest common divisor of 2546 and 8246?
38
What is the greatest common divisor of 2 and 35038?
2
Calculate the highest common factor of 722 and 25797782.
722
What is the highest common factor of 47 and 2148511?
47
Calculate the greatest common divisor of 25051 and 235.
47
Calculate the greatest common divisor of 15 and 263715.
15
What is the greatest common factor of 12 and 5817?
3
What is the greatest common factor of 229 and 95?
1
What is the greatest common divisor of 17 and 6626906?
17
Calculate the highest common divisor of 42412 and 230.
46
What is the highest common factor of 99425 and 2624?
41
What is the highest common factor of 2052 and 8588?
76
What is the greatest common factor of 30 and 4525635?
15
Calculate the greatest common divisor of 1532 and 3861406.
766
Calculate the greatest common factor of 9711 and 3861.
117
What is the highest common factor of 1518 and 42?
6
What is the highest common factor of 1 and 98782?
1
What is the highest common factor of 21 and 653436?
21
What is the greatest common divisor of 3950 and 288824?
158
Calculate the greatest common factor of 761456 and 16.
16
What is the greatest common factor of 825 and 261250?
275
What is the greatest common divisor of 3003 and 8736?
273
What is the greatest common factor of 136 and 51034?
34
Calculate the highest common factor of 168 and 23898.
42
What is the greatest common factor of 1368 and 1116?
36
What is the highest common divisor of 15694 and 23674?
266
Calculate the highest common factor of 3315 and 199070.
85
Calculate the greatest common divisor of 998 and 1386721.
499
Calculate the highest common divisor of 31195 and 680.
85
What is the greatest common factor of 78045 and 15125?
605
Calculate the highest common divisor of 1243220 and 220.
220
Calculate the highest common divisor of 122858 and 329.
47
Calculate the highest common divisor of 546 and 90363.
273
What is the greatest common divisor of 264000 and 194400?
2400
What is the greatest common factor of 68 and 15120?
4
Calculate the greatest common factor of 5760 and 896.
128
Calculate the greatest common divisor of 2808 and 1656.
72
Calculate the highest common factor of 714 and 603942.
102
Calculate the greatest common factor of 5319 and 216.
27
Calculate the greatest common factor of 99 and 466917.
33
What is the greatest common factor of 107569 and 14?
7
What is the greatest common factor of 44433 and 504?
9
Calculate the greatest common factor of 28 and 222124.
28
Calculate the highest common divisor of 99995 and 217.
7
What is the greatest common factor of 10621 and 63232?
247
What is the highest common divisor of 310425 and 125?
25
Calculate the highest common divisor of 451251 and 1053.
81
Calculate the highest common divisor of 25 and 667175.
25
What is the highest common divisor of 433356 and 882?
294
What is the greatest common factor of 426492 and 22?
22
Calculate the highest common factor of 12124 and 196.
28
What is the highest common divisor of 4444 and 2626?
202
Calculate the greatest common factor of 137236 and 88.
44
What is the greatest common divisor of 116 and 62959?
29
Calculate the greatest common factor of 299 and 309419.
23
What is the highest common divisor of 731 and 103673?
43
Calculate the highest common divisor of 33561 and 50787.
297
Calculate the highest common divisor of 305 and 5.
5
What is the highest common factor of 126110 and 1?
1
What is the highest common factor of 10776 and 6168?
24
Calculate the highest common divisor of 16 and 55112.
8
What is the highest common divisor of 2091 and 164?
41
What is the greatest common factor of 21 and 6692?
7
What is the highest common factor of 11010 and 5530?
10
Calculate the highest common factor of 1092 and 787605.
273
What is the highest common divisor of 588 and 1827?
21
Calculate the highest common factor of 20332 and 158015.
221
What is the greatest common factor of 2565 and 58482?
